s divided by 11618?
10
What is the remainder when 275 is divided by 143?
132
Calculate the remainder when 16325 is divided by 911.
838
What is the remainder when 10773 is divided by 1793?
15
Calculate the remainder when 159479 is divided by 180.
179
What is the remainder when 1008 is divided by 295?
123
Calculate the remainder when 59147 is divided by 59144.
3
What is the remainder when 9514 is divided by 217?
183
Calculate the remainder when 94732 is divided by 554.
552
Calculate the remainder when 7997 is divided by 44.
33
What is the remainder when 2026 is divided by 85?
71
What is the remainder when 4033 is divided by 266?
43
What is the remainder when 10612 is divided by 19?
10
What is the remainder when 15668 is divided by 5216?
20
Calculate the remainder when 19112 is divided by 761.
87
Calculate the remainder when 33317 is divided by 397.
366
What is the remainder when 379 is divided by 294?
85
What is the remainder when 27049 is divided by 3862?
15
Calculate the remainder when 162646 is divided by 72.
70
What is the remainder when 1394 is divided by 1224?
170
Calculate the remainder when 3598 is divided by 1781.
36
What is the remainder when 713074 is divided by 1959?
1957
Calculate the remainder when 1691 is divided by 564.
563
What is the remainder when 1642 is divided by 490?
172
What is the remainder when 5019 is divided by 217?
28
Calculate the remainder when 548346 is divided by 6451.
11
What is the remainder when 6573 is divided by 656?
13
What is the remainder when 33499 is divided by 2104?
1939
What is the remainder when 4854 is divided by 131?
7
What is the remainder when 3327 is divided by 133?
2
Calculate the remainder when 22566 is divided by 22551.
15
Calculate the remainder when 992 is divided by 68.
40
What is the remainder when 64090 is divided by 10675?
40
What is the remainder when 17047 is divided by 1065?
7
Calculate the remainder when 1575 is divided by 465.
180
What is the remainder when 29430 is divided by 9808?
6
Calculate the remainder when 21881 is divided by 152.
145
What is the remainder when 5192 is divided by 102?
92
What is the remainder when 42983 is divided by 17?
7
Calculate the remainder when 3126 is divided by 134.
44
What is the remainder when 1664 is divided by 634?
396
Calculate the remainder when 2465 is divided by 18.
17
Calculate the remainder when 62569 is divided by 47.
12
What is the remainder when 1227048 is divided by 46?
44
What is the remainder when 3094 is divided by 56?
14
Calculate the remainder when 7135 is divided by 57.
10
Calculate the remainder when 9303 is divided by 2270.
223
Calculate the remainder when 452634 is divided by 227.
223
What is the remainder when 23839 is divided by 95?
89
Calculate the remainder when 474238 is divided by 192.
190
Calculate the remainder when 585 is divided by 8.
1
What is the remainder when 11088 is divided by 13?
12
Calculate the remainder when 256246 is divided by 94.
2
Calculate the remainder when 201099 is divided by 33.
30
Calculate the remainder when 79021 is divided by 47.
14
What is the remainder when 1023 is divided by 478?
67
Calculate the remainder when 2107 is divided by 1044.
19
What is the remainder when 22956 is divided by 4501?
451
What is the remainder when 21770 is divided by 250?
20
What is the remainder when 887 is divided by 150?
137
What is the remainder when 22112 is divided by 330?
2
Calculate the remainder when 70293 is divided by 154.
69
Calculate the remainder when 178095 is divided by 44.
27
Calculate the remainder when 42515 is divided by 2657.
3
What is the remainder when 4750 is divided by 3601?
1149
What is the remainder when 10525 is divided by 124?
109
What is the remainder when 393544 is divided by 133?
130
What is the remainder when 799 is divided by 736?
63
Calculate the remainder when 6717 is divided by 964.
933
Calculate the remainder when 27082 is divided by 462.
286
What is the remainder when 11940 is divided by 663?
6
Calculate the remainder when 260288 is divided by 6.
2
Calculate the remainder when 5556 is divided by 3.
0
What is the remainder when 304037 is divided by 220?
217
What is the remainder when 128647 is divided by 151?
146
What is the remainder when 19403 is divided by 36?
35
Calculate the remainder when 3008 is divided by 254.
214
What is the remainder when 2968 is divided by 491?
22
What is the remainder when 54889 is divided by 34?
13
What is the remainder when 114192 is divided by 4?
0
Calculate the remainder when 9354 is divided by 774.
66
Calculate the remainder when 5275 is divided by 17.
5
Calculate the remainder when 40649 is divided by 16.
9
Calculate the remainder when 75130 is divided by 939.
10
Calculate the remainder when 741 is divided by 293.
155
What is the remainder when 258259 is divided by 135?
4
Calculate the remainder when 99072 is divided by 32954.
210
Calculate the remainder when 329253 is divided by 17.
14
What is the remainder when 12410 is divided by 22?
2
What is the remainder when 851 is divided by 61?
58
Calculate the remainder when 3847469 is divided by 131.
130
What is the remainder when 11672 is divided by 146?
138
What is the remainder when 6845 is divided by 854?
13
Calculate the remainder when 317528 is divided by 2205.
8
Calculate the remainder when 1366 is divided by 72.
70
What is the remainder when 57690 is divided by 4119?
24
Calculate the remainder when 3278 is divided by 800.
78
What is the remainder when 23437 is divided by 19?
10
What is the remainder when 1737 is divided by 340?
37
What is the remainder when 5838 is divided by 1457?
10
Calculate the remainder when 523 is divided by 45.
28
Calculate the remainder when 228034 is divided by 98.
86
Calculate the remainder when 394 is divided by 193.
8
What is the remainder when 464 is divided by 49?
23
What is the remainder when 33649 is divided by 16806?
37
What is the remainder when 248 is divided by 204?
44
Calculate the remainder when 591103 is divided by 197032.
7
Calculate the remainder when 105832 is divided by 126.
118
Calculate the remainder when 1348 is divided by 1202.
146
Calculate the remainder when 3016 is divided by 245.
76
Calculate the remainder when 2043 is divided by 262.
209
Calculate the remainder when 368219 is divided by 287.
285
What is the remainder when 46889 is divided by 77?
73
Calculate the remainder when 73019 is divided by 2281.
27
Calculate the remainder when 473 is divided by 157.
2
Calculate the remainder when 5854 is divided by 834.
16
What is the remainder when 27088 is divided by 25?
13
What is the remainder when 7431 is divided by 21?
18
What is the remainder when 954861 is divided by 42?
33
Calculate the remainder when 111312 is divided by 100.
12
What is the remainder when 128957 is divided by 12893?
27
What is the remainder when 23432 is divided by 1018?
18
Calculate the remainder when 706990 is divided by 629.
623
What is the remainder when 405148 is divided by 32?
28
Calculate the remainder when 5784 is divided by 415.
389
What is the remainder when 7779 is divided by 517?
24
Calculate the remainder when 67470 is divided by 153.
150
Calculate the remainder when 4177 is divided by 595.
12
Calculate the remainder when 4097 is divided by 137.
124
Calculate the remainder when 39875 is divided by 254.
251
Calculate the remainder when 7999 is divided by 344.
87
What is the remainder when 39956 is divided by 7991?
1
Calculate the remainder when 9746 is divided by 1788.
806
What is the remainder when 172267 is divided by 12?
7
What is the remainder when 10470 is divided by 10450?
20
What is the remainder when 11156 is divided by 36?
32
Calculate the remainder when 616 is divided by 152.
8
What is the remainder when 623357 is divided by 640?
637
What is the remainder when 115063 is divided by 232?
223
Calculate the remainder when 80220 is divided by 8912.
12
What is the remainder when 188735 is divided by 67?
63
Calculate the remainder when 28939 is divided by 44.
31
What is the remainder when 12137 is divided by 57?
53
What is the remainder when 8764736 is divided by 263?
261
What is the remainder when 7124 is divided by 61?
48
Calculate the remainder when 6321 is divided by 2105.
6
Calculate the remainder when 393529 is divided by 642.
625
Calculate the remai